What is the units digit of 2/u + 16/3?
5
Let i = -2 + 6. What is the units digit of i?
4
Let u be (-4)/(2/(-3)*3). Let t(q) = -3 - q**3 - 4*q + 0*q**u + 7*q**2 + 0*q**3. What is the units digit of t(6)?
9
Let k(z) = 4*z**2 + z - 11. What is the units digit of k(7)?
2
What is the hundreds digit of 13/(-2)*-20 - -3?
1
Suppose 0 = 4*o - 32 + 116. What is the tens digit of (-7)/(o/(-2))*-27?
1
Suppose -6*q = 152 - 566. What is the units digit of q?
9
What is the tens digit of (-265)/(-15) + 4/(-6)?
1
Let v(o) = o**3 + 5*o**2 - 8*o - 9. Let x be v(-6). Suppose -r - 2*r + x = 0. What is the units digit of r?
1
Let m = 8 - -12. Let g = m + -30. Let w(s) = s**3 + 11*s**2 + 8*s - 13. What is the units digit of w(g)?
7
Suppose -9 = -4*i - 2*v + v, 3*v = -5*i + 6. Suppose i*o - 7 - 32 = 0. What is the units digit of o?
3
Suppose 12*n + 414 = 14*n. What is the units digit of n?
7
Let c be -2 - 23/(-1)*-6. What is the tens digit of c/8*(-4)/5?
1
Let m(a) = 4*a**3 - a - 1. What is the units digit of m(2)?
9
Let s be (3/6)/((-2)/16). Let l(d) = -d - 2. What is the units digit of l(s)?
2
What is the hundreds digit of (-3346)/(-10) - (-111)/(-185)?
3
Let q = 159 + -106. What is the tens digit of q?
5
Let u(r) = -17 - 4*r + 5 + 4*r - 2*r. What is the units digit of u(-15)?
8
Let y(f) be the second derivative of -f**5/20 + 3*f**4/4 - 5*f**3/3 - f**2/2 - f. Let w be y(8). Let t = -10 - w. What is the units digit of t?
7
Let m(d) = d**3 + 2*d**2 - d + 11. Let r(n) = -n**3 - 3*n**2 - 10. Let u(i) = -5*m(i) - 6*r(i). What is the tens digit of u(-5)?
5
Let k be 28 + 9/3 + -1. Suppose 5*b = -5 + k. What is the units digit of b?
5
Let k be (-7 - -2 - -3) + 2. What is the units digit of (-1 - -3) + k/(-2)?
2
Suppose w = -2*w - 4*z + 97, 3*w = 2*z + 109. What is the units digit of w?
5
Let l = -12 + 12. Suppose 0 = -3*g - 5*b + 13, l = 5*g + 4*b - 2 - 24. What is the units digit of g?
6
Let u(d) = -d**3 + 8*d**2 + 5*d - 4. What is the units digit of u(8)?
6
Suppose -2*y + 50 = 3*y. What is the tens digit of y?
1
Let a be (-1 - (-21)/12)*-100. Let d = a + 143. Suppose 0*j - d = -4*j. What is the tens digit of j?
1
Let l be -2 + 1 + (-2 - 11). Let y(f) = f**2 + 14*f - 19. Let x be y(-15). Let a = x - l. What is the tens digit of a?
1
What is the tens digit of -4 + (107 - (5 + -2))?
0
Suppose 14 = -0*o + o + 3*g, 4*g = -5*o + 15. Let h = o + 12. What is the tens digit of h?
1
Let f = 33 - 6. What is the units digit of f?
7
Let f(q) = -q**3 - q**2 + 2*q + 1. Suppose -14 = 3*h - 5*p, 4*p = -3*h - 2*h - 11. What is the tens digit of f(h)?
1
Suppose -2*h + 6 = 2*a, -5*a = h - 1 - 2. Suppose 4*d = d + 2*j + 14, -j = h*d - 11. Suppose d*f = 16, 2*t - 3*f + 2 = -2*f. What is the units digit of t?
1
Let t = -10 + 15. Let j(c) = -c**2 + 3*c + 2. Let i(m) = m. Let a(b) = 2*i(b) + j(b). What is the units digit of a(t)?
2
Let d(y) = -y**2 + 6*y + 8. Let i be d(7). What is the units digit of (14 - 2) + -1 - i?
0
Let p(w) = 6*w + 1. Let t be p(-2). Let a(x) = x**2 + 10*x + 3. What is the tens digit of a(t)?
1
Let q(l) = -l**3 - l**2 + 2*l + 3. Let i = -5 - -2. Let k be q(i). Suppose -2 = 3*f + g - 0*g, k = -3*g. What is the units digit of f?
1
Let k be ((-80)/(-25))/((-4)/(-10)). What is the units digit of k/4*(-10)/(-4)?
5
Suppose 4*a - 2 = -2*w + 18, -a - 2*w = -5. Suppose -a*o = -n + 16, -o + 32 = 2*n + 3*o. What is the units digit of n?
6
Suppose -5*f + f = -16. Suppose 0 = s - 2*w - 4, 5*w = -5*s + f + 31. Let y = s - 4. What is the units digit of y?
2
What is the tens digit of 132 + (0 - (0 - -3))?
2
Let a(z) = z**2 + 4*z - 2. Let b be (3/(-3))/(1/5). Let c be a(b). Suppose 2*f = 7*f - 5*u - 75, 0 = c*u + 9. What is the tens digit of f?
1
Let r = 129 - -14. What is the tens digit of r?
4
Suppose 3*h + f + 3*f = -38, h + 2*f = -14. Let c = h + 16. Let j(d) = d**3 - 7*d**2 + 6*d + 3. What is the units digit of j(c)?
3
Let y = -28 + 61. What is the tens digit of y?
3
Suppose -x + 295 = -2*j, -13*j + 8*j - 592 = -2*x. What is the hundreds digit of x?
2
Let u(x) be the second derivative of 7*x**4/3 + x**3/6 - 3*x. What is the units digit of u(1)?
9
Suppose -3*i = -4*t + 24, 12 = 4*i - i. Let w(j) = -j**3 + 9*j**2 + j - 6. Let n be w(t). What is the units digit of 32/6*n/1?
6
Suppose 70 = -2*u + 5*f, -2*u - 35 = -u - 5*f. Let w = u + 53. What is the units digit of w?
8
Let k = 94 + 15. What is the tens digit of k?
0
Let a(u) = -u**2 - u + 1. Let k be a(-2). Let q(i) = -2*i + 1. What is the units digit of q(k)?
3
Suppose 4*m + 5*a - 61 = 0, -2*m + 1 = -3*m + 2*a. What is the units digit of m?
9
Let n(i) = 12*i**2 - i + 6. What is the hundreds digit of n(3)?
1
Let r = 9 - 8. What is the units digit of r + (-24)/((-8)/2)?
7
Let z be 36/((-3)/(-20)*2). What is the units digit of z/(4 + 0) - 1?
9
Suppose -5*g = -r, -r + 0*r - 4*g + 9 = 0. Suppose 4*j = -r*u + 28, 0*u = -u + j + 11. What is the units digit of u?
8
Let o = 9 - 4. Suppose o*l + 20 = 125. What is the units digit of l?
1
Suppose -m = -6*m + 150. Let j = m - 20. What is the units digit of j?
0
Let k = 30 + -20. Let v(i) = -i + 7. Let m be v(5). Suppose n = -m, 2*l = n + 12 + k. What is the tens digit of l?
1
Let b(p) = 4 + p**2 - 3*p - 1 + 2*p. What is the units digit of b(0)?
3
Suppose -8*r + 15*r = 2002. What is the units digit of r?
6
Let j be (-6)/4 + 4/8. Suppose -3*u = -y - 8*u + 3, 2*y + 3*u = 6. Let v = y + j. What is the units digit of v?
2
Suppose -5*u + 0*u = 75. Let b = 56 + -33. Let j = u + b. What is the units digit of j?
8
Let q = -10 - -4. What is the tens digit of (-10)/q*9 - -1?
1
What is the hundreds digit of (2 - 1)*-155*(0 - 1)?
1
Let b(k) = -12*k - 33. What is the tens digit of b(-14)?
3
Suppose y - 4 = -y. Suppose i - y*i + 12 = 0. What is the units digit of i*(1 - 2/6)?
8
Let n = -5 + 4. Let i be (0 + -1)/(n/5). Suppose -i*m + m = -8. What is the units digit of m?
2
Let p = 202 - 83. What is the hundreds digit of p?
1
Suppose -4*r - 14 + 22 = 0. Suppose r*z - 216 = -4*b - z, 5*z = 2*b - 134. What is the tens digit of b?
5
Suppose 3*n = 6*n. Suppose n = -5*p + 2*p + 18. What is the units digit of p?
6
Let h be (4/2)/(12/(-30)). What is the units digit of -1 + ((-4)/2 - h)?
2
Let l(v) = v**3 - 3*v**2 + 4*v - 2. Let f be l(2). Suppose 0 = f*b - 2 - 28. What is the tens digit of b?
1
Suppose -15*y + 2569 + 2876 = 0. What is the units digit of y?
3
Let l(t) = t + 13. What is the tens digit of l(2)?
1
Let o(h) = 4*h - 14. Let w be o(4). Suppose 2*z - 136 = -w*z. What is the tens digit of z?
3
Let o(n) = n**3 + 3*n**2 - 2*n + 1. Let h be o(-3). Suppose -2*b + 4*s = -48, 4*s = 3*b - h - 63. What is the tens digit of b?
2
What is the tens digit of (-6)/8 - (-1641)/12?
3
Let d be (-2)/14 + (-22)/(-7). Suppose d*v = 7*v - 64. What is the tens digit of v?
1
Suppose 0 = -3*w + 3*i + 22 + 8, i - 30 = -4*w. Let o(s) = 3*s - 11. What is the tens digit of o(w)?
1
Let s = 21 - 5. What is the units digit of s?
6
Let v(q) = -12*q. Let g be v(-1). Let o = g - -1. What is the units digit of o?
3
Suppose 4*c = -5*c + 747. What is the tens digit of c?
8
Let g(p) = 0*p + 1 + 7*p - 2. What is the tens digit of g(2)?
1
Let d be -1 + (44 - 1/(-1)). Let a = 7 + d. What is the units digit of a?
1
Suppose -2*b + 68 - 10 = 0. What is the units digit of b?
9
Let f(o) = o + 3. Let j be f(0). Let p = 5 - j. What is the units digit of 1 + -1 + 2 + p?
4
Let h = 8 - 6. Let w be ((1 - -9)/2)/1. Suppose -o + w + h = 0. What is the units digit of o?
7
What is the units digit of 2424/18 + -6 + 1/3?
9
Suppose 6 = z + 2*z. Suppose -5*v - 2*t + 15 = 0, -5*v - 7*t = -z*t. What is the units digit of v?
5
Suppose 4*r = 5*h - 204, -255 = r + 4*r - 4*h. Let k = -4 + -32. Let p = k - r. What is the tens digit of p?
1
Let r be 4/6*(-45)/(-6). Suppose r*s - 15 = -0*s. Suppose s + 2 = 5*w. What is the units digit of w?
1
Let h(s) = -s**2 - 5*s - 1. Let u be h(-4). Let d = u - 4. Let n = 11 - d. What is the units digit of n?
2
Let r(h) = -3*h**2 + 3*h - 1. Let k be r(2). Let p(v) = -v**2 - 4*v + 3. Let d(w) = -w + 1. Let f(a) = 4*d(a) + p(a). What is the units digit of f(k)?
4
Suppose -5*o = 18 - 68. Let l = o - -23. What is the tens digit of l?
3
Let p(r) = 2*r**2 - r + 1. What is the units digit of p(4)?
9
Suppose 4*q - 5*n = 196, -4*n = q - 16 - 12. What